90. Is v composite?
True
Let o = 227984 + -78597. Is o prime?
False
Is (38/13 - (-8)/208*2) + 126034 a composite number?
False
Let q(z) = 6*z - 10071. Let j be q(0). Let r = 14464 + j. Is r a composite number?
True
Let u be 354/(-8) + 26/104. Let p = 67 + u. Is p composite?
False
Suppose -7*o = 2*o - 45. Suppose 0*w + 3*w + o*z = -9, w - 14 = 4*z. Suppose 0 = w*q + 3*n - 121, 4*n - n - 3 = 0. Is q a prime number?
True
Let m(y) = 178*y**2 - 5*y + 89. Let g(l) = 89*l**2 - 3*l + 45. Suppose 4*c = s - 32, 5*c + 4*s + 0*s = -19. Let i(w) = c*g(w) + 4*m(w). Is i(6) prime?
True
Suppose 8*k + 27339 = 3*p + 11*k, p = -2*k + 9117. Is p a composite number?
False
Let b = -390 + 392. Suppose l - 2*n = 253, b*l + n - 506 = 2*n. Is l a composite number?
True
Suppose -7*x - x + 80 = 0. Let f(b) = 14*b**2 - 6*b - 9. Let i be f(x). Suppose 3*a - 5*t - 1994 = 0, -4*a = -2*a - 3*t - i. Is a a composite number?
False
Let t(r) = r**3 + 26*r**2 - 4*r + 44. Let g(q) = 2*q**2 - 6*q + 4. Let a be g(3). Suppose -a*d = 3*c + 75, -5*c - d = 24 + 84. Is t(c) composite?
False
Let t = 105370 + -43547. Is t a prime number?
False
Let j(i) = 48084*i**3 + 5*i**2 + i - 6. Let z be j(2). Suppose -23*v + z - 113817 = 0. Is v prime?
True
Let k(r) = -194*r**3 + 27*r**2 - 23*r - 437. Is k(-12) composite?
False
Let s = 13591 - -63280. Is s a prime number?
True
Suppose -14*d = 8*d - 2*d - 3548140. Is d a composite number?
True
Is (-614 + 0)*(-3081)/78 a composite number?
True
Let b be ((-8)/20)/(2/14820). Let m = 7291 + b. Is m prime?
True
Let n = -8186 - -46057. Is n prime?
True
Suppose -5*m = 16*m + 23*m. Suppose 3*v - 5*g = 28947, m = 5*v - 21*g + 20*g - 48245. Is v composite?
False
Is (0 - 3)*(-307715)/15 prime?
True
Let z(b) = 10 - 10 - 29*b + 0 + 5*b**2 - 1. Is z(-8) a composite number?
True
Is (20 + (-1201475)/(-10) - (-4 + 1))*2 composite?
False
Suppose 12*l = 9*l - 4*d + 210195, 0 = l - 5*d - 70103. Is l a prime number?
False
Suppose -9*o - 5 + 32 = 0. Suppose -3*a + 2*a + 4 = 2*m, -4*m = o*a - 8. Suppose a = 6*y - y - 2445. Is y a prime number?
False
Let w(y) = 41*y + 1231 - 1268 + 34*y. Is w(4) prime?
True
Suppose -5*l = 4*o - 5, 3*o - o - l - 13 = 0. Let b(j) = o + 21*j**2 - 8 - j + 2*j**2. Is b(7) a prime number?
True
Suppose 70 = 6*w - w + 5*y, y = -4*w + 47. Suppose 7*k - w*k + 16 = 0. Suppose -z = -d - 5*z + 495, 5*d = k*z + 2379. Is d prime?
True
Let h be (0 + 2/(-6))/(5/(-30)). Suppose 0 = 6*i - h*i - 2536. Let t = -303 + i. Is t prime?
True
Let m = -16486 + 43523. Is m composite?
True
Let z = -40 + 44. Suppose 0 = -5*p - 0*p + 2*y + 10451, -4166 = -2*p - z*y. Suppose 0 = -4*s + p + 1267. Is s a composite number?
False
Suppose 22372 = 4*u - z, -2*u + 2*z + 11176 = -z. Let x = u + -2431. Is x a composite number?
False
Let q be (4326/(-9))/(2/(-12)). Let n = 5039 - q. Is n a composite number?
True
Let w(b) = -b**2 - 13*b + 18. Let z be w(-10). Is 308652/z - 6/(-8) composite?
True
Let m(x) = 12954*x - 3667. Is m(12) composite?
True
Suppose 60*w - 155*w + 4916155 = 0. Is w prime?
True
Let p(g) be the third derivative of 175*g**4/8 + 13*g**3/3 + 21*g**2. Let s be p(5). Suppose 0 = -5*t - 10, 2*a - s = -a - 5*t. Is a composite?
False
Suppose -943790 = -2*q + 2*x, -3*q - 437442 = -5*x - 1853115. Is q prime?
True
Suppose 4*b - o = 560093, -16*b - 5*o = -11*b - 700110. Is b composite?
True
Let h(d) = 25*d - 16. Let j = -12 - -16. Let p(l) = -l - 1. Let u(s) = j*p(s) + h(s). Is u(11) composite?
False
Suppose 0 = 9*u - 186 + 42. Suppose u*w + 12064 = 80720. Is w a prime number?
False
Suppose 2*q - 13*q + 2070102 + 37135 = 0. Is q a prime number?
False
Let h(m) = 76 - m**2 - 3*m**2 - 8*m - 46. Let r(a) = 5*a**2 + 9*a - 31. Let s(i) = 6*h(i) + 5*r(i). Is s(-11) composite?
False
Let t = 61 + -62. Is (t + 4)/12 + 7286/8 prime?
True
Let n(s) = -s**2 + 20*s - 31. Let x be n(18). Suppose x*b - 5*w - 19295 = 104340, -w + 4 = 0. Is b a prime number?
False
Is 11/(66/(-15))*(2 + -9504) composite?
True
Suppose 0 = -18*b + 5*b + 25311. Is b/2 - (12/(-8) + 2) a composite number?
True
Suppose 2*r + 2*i - 11 = r, -3*r + i + 5 = 0. Suppose d - 3*d + r*q = -19, -d + 4*q + 7 = 0. Suppose -d = a - 69. Is a composite?
True
Suppose -41*k = -32*k + 13*k - 16123778. Is k a prime number?
False
Suppose -4*l - 7720 = -6*l. Let i(g) = 2*g**2 + 78*g + 85. Let f be i(-38). Suppose -l = -f*r + 5*r. Is r a composite number?
True
Let i be (42/168)/((-2)/(-24)). Let t(f) = 771*f - 76. Is t(i) composite?
False
Suppose -b + 4*r + 1969 = 0, -4*r - 7890 = -4*b - 2*r. Is b a composite number?
False
Let t = 1989 + 13412. Is t a composite number?
False
Let w = -174 - 554. Let m = 2419 - w. Is m composite?
True
Suppose 4*o - 4*j + 0*j = 168, 2*o = -j + 99. Suppose o*w - 39*w - 117368 = 0. Is w prime?
False
Let w(g) = 4*g**2 - 6*g + 3. Let r(b) = -b**3 - 8*b**2 - 12*b + 4. Let d be r(-6). Let o be w(d). Suppose -102 - o = -t. Is t prime?
False
Let s be 7/((-21)/6) - 0. Suppose 5*j - 10 = 0, 2*x - 114 = 3*x + 3*j. Is (-187336)/x + s/15 prime?
False
Let h = -7278 - -14716. Suppose 0 = -v - 5*i + h, -4533 = -v + 5*i + 2935. Is v a prime number?
False
Let v(w) = w**3 - 16*w**2 - 63*w + 24. Let f be v(20). Suppose -3*o + f - 12758 = -4*l, 4*l + 5*o - 12378 = 0. Is l prime?
False
Let a = 5591 + -2574. Is a a composite number?
True
Suppose -122*u + 2561735 + 6511527 = 0. Is u prime?
False
Suppose 4*g + 18 = -2*l, 5*g = g + 3*l + 7. Let o(b) = -b**3 - 2*b**2 - b. Let n be o(g). Suppose n*t + 1715 = 5409. Is t composite?
False
Let q(x) = -3*x**3 + 21*x**2 + x - 4. Let u be q(16). Let p be (2/6)/((-4)/u). Let g = p + -282. Is g a composite number?
False
Suppose -176461 = -b + d + 360213, 4*b - 5*d - 2146699 = 0. Is b composite?
False
Let h(q) = -26784*q - 851. Is h(-5) prime?
True
Suppose -13*b + 12 = -7*b. Suppose 3*g - 15 = 3*l + l, 10 = b*g - 2*l. Is (-771)/6*(-50)/g a prime number?
False
Suppose 2*b = -4*l + 4, 0 = 4*b - 0*l - l + 10. Is (1361/b)/((-2)/4) a prime number?
True
Suppose -4255*t + 4590146 = -4233*t. Is t a prime number?
False
Suppose 5*a - a - 8 = 0. Let l(c) = 11 + 39*c**a + 20*c**2 + 6*c**2 - c. Is l(-6) a composite number?
False
Suppose 0 = 2*g - 37212 - 22662. Let d = 2587 + -2581. Suppose d*t - 9657 - g = 0. Is t composite?
False
Suppose 0 = x + 2*c - 471305, -88*c + 1885193 = 4*x - 89*c. Is x composite?
False
Let y(d) = 281*d**3 - d**2 - 6*d - 4. Let p be y(3). Let n = p + -2853. Is n a composite number?
False
Let a = 38105 + -21954. Suppose -42523 = -4*r - a. Is r a prime number?
False
Let x = 434 - 233. Suppose -c + 5*c = -3*u + x, 2*u = c - 53. Is c a composite number?
True
Let k be 1/(187/(-198) - (1 + -2)). Is (31469/(-3))/((-3)/k*2) a prime number?
True
Suppose y = 29 + 19. Is (32/y)/((-4)/(-12486)) composite?
False
Suppose 93056 = 5*w + i - 4*i, 0 = -4*w - i + 74438. Let o = -8031 + w. Is o prime?
False
Suppose i = d + 4, -5*i + 26 = 2*d + 6. Is (-132588)/(-24)*i/6 prime?
False
Suppose 2720278 = 5*o + g, -29*g = o - 24*g - 544022. Is o prime?
False
Is 127201 - (12/(-2) - 6)*(-5)/(-10) composite?
False
Let x be (29 + 3)/4*1. Suppose y + 5*u - x - 25 = 0, 0 = 4*y + 3*u - 132. Is ((y/(-12))/(-11))/((-1)/(-236)) a composite number?
False
Let k be (1718/(-3))/((50/(-15))/5). Suppose 675 = b - k. Is -6 + (-3)/(-1) + b a prime number?
True
Let h = -26 + 22. Let o be 156/(-65)*690/h. Suppose 980 = 2*r - o. Is r prime?
False
Let f(r) = 6*r**3 - 39*r**2 - 72*r - 54. Let z be f(31). Is (2 + -6 + 6)*z/6 a prime number?
True
Suppose 0 = 2*g + 81*g - 13534063. Is g composite?
False
Let g = -8105 + 2131. Let o = 12327 + g. Is o prime?
True
Suppose -266 = -3*l - 2. Suppose -10 = -2*i, 4*x - 3247 = -3*i + l. Let d = -472 + x. Is d prime?
False
Is 17700 - (-38 - -40)*7/(-2) a prime number?
True
Let m(v) = 56076*v**2 + 19*v + 14. Is m(-1) prime?
False
Let a be 848/8*(1 - 163/(-2)). Suppose -5*w + a = -760. Is w a composite number?
False
Suppose w = -2*w - 4*f + 68, -3*w = -5*f - 23. Suppose 4*m - 43580 = -w*m. Is m prime?
True
Suppose -5*o + 4*c = -99436 - 10373, 2*o = -2*c + 43920. Is o composite?
False
Suppose 13*q - 89524 - 16959 = 0. Let s = -4154 + q. Is s a prime number?
False
Let h(o) = 13*o**2 + 16*o + 30. Let f(u) = 7 + 8*u + 7*u**2 + 11 - 3. Let s(j) = -5*f(j) + 3*h(j). Is s(11) prime?
True
Suppose -d - 4*